s 2897 a prime number?
True
Is 134 a composite number?
True
Is 2533 composite?
True
Is 37977 a composite number?
True
Is 32707 composite?
False
Is 230471 a composite number?
False
Is 589 prime?
False
Is 709139 composite?
False
Is 55291 a prime number?
True
Is 7283 a prime number?
True
Is 6065 a composite number?
True
Is 3648407 prime?
False
Is 10427 a composite number?
False
Is 1977 prime?
False
Is 272026 a composite number?
True
Is 27509 composite?
False
Is 459674 composite?
True
Is 15991 composite?
False
Is 10529 a composite number?
False
Is 368923 composite?
True
Is 24481 a prime number?
True
Is 39803 prime?
False
Is 102433 composite?
False
Is 611203 composite?
True
Is 5431 a prime number?
True
Is 557 a composite number?
False
Is 197909 a composite number?
False
Is 355297 prime?
True
Is 1354967 prime?
False
Is 89 a composite number?
False
Is 1858 prime?
False
Is 3251 prime?
True
Is 278801 a composite number?
False
Is 82171 composite?
False
Is 299498 a composite number?
True
Is 933983 a composite number?
True
Is 663035 a prime number?
False
Is 1179299 prime?
False
Is 3973 a composite number?
True
Is 535793 a prime number?
True
Is 1138649 a prime number?
True
Is 1679 composite?
True
Is 375301 a composite number?
True
Is 2155627 a prime number?
True
Is 10061 a prime number?
True
Is 3809 composite?
True
Is 869 composite?
True
Is 519873 a prime number?
False
Is 128903 prime?
True
Is 191413 prime?
True
Is 169063 prime?
True
Is 65451 a composite number?
True
Is 34433 composite?
True
Is 155737 composite?
True
Is 2578 a prime number?
False
Is 35419 a prime number?
True
Is 17183 a prime number?
True
Is 155681 composite?
True
Is 16267 composite?
False
Is 23003 prime?
True
Is 964417 a prime number?
True
Is 144895 a composite number?
True
Is 9533 prime?
True
Is 1043 a prime number?
False
Is 4453 a composite number?
True
Is 1363 composite?
True
Is 111937 composite?
True
Is 257707 a prime number?
True
Is 9413 a prime number?
True
Is 3798493 a composite number?
True
Is 1525421 a composite number?
False
Is 1083899 prime?
True
Is 2174 composite?
True
Is 3659 prime?
True
Is 213433 prime?
False
Is 5737 a prime number?
True
Is 51 prime?
False
Is 623107 composite?
False
Is 79757 prime?
True
Is 135881 a prime number?
False
Is 112429 prime?
True
Is 180039 prime?
False
Is 3505 composite?
True
Is 2707 prime?
True
Is 4020407 composite?
False
Is 56915 a prime number?
False
Is 5815 prime?
False
Is 3668503 a prime number?
True
Is 966601 composite?
True
Is 60707 composite?
True
Is 1002227 a prime number?
True
Is 4891 prime?
False
Is 15101 composite?
False
Is 131177 composite?
True
Is 18442 prime?
False
Is 5809 prime?
False
Is 1225561 prime?
False
Is 1311967 a prime number?
True
Is 15071 a composite number?
True
Is 63577 a composite number?
False
Is 12989 a prime number?
False
Is 3739 prime?
True
Is 3691 a prime number?
True
Is 311897 a prime number?
True
Is 187787 prime?
True
Is 93007 a composite number?
True
Is 148663 a composite number?
False
Is 39391 a composite number?
True
Is 4593 a prime number?
False
Is 4127 a composite number?
False
Is 27301 a composite number?
True
Is 178723 a prime number?
False
Is 99697 composite?
True
Is 1266547 a composite number?
True
Is 608173 a prime number?
False
Is 332791 a composite number?
False
Is 37078 composite?
True
Is 332687 a prime number?
True
Is 6823 a prime number?
True
Is 9007 a composite number?
False
Is 13127 prime?
True
Is 5221 prime?
False
Is 19289 a prime number?
True
Is 4738871 a composite number?
False
Is 1430269 prime?
False
Is 77191 prime?
True
Is 5774 a prime number?
False
Is 23269 composite?
False
Is 72035 composite?
True
Is 9383 prime?
False
Is 174847 composite?
True
Is 55999 composite?
True
Is 25257 prime?
False
Is 1627658 a composite number?
True
Is 45569 prime?
True
Is 1445851 composite?
True
Is 505583 a prime number?
False
Is 67801 prime?
True
Is 47303 prime?
True
Is 17467 a prime number?
True
Is 302507 composite?
False
Is 116771 prime?
False
Is 51563 a prime number?
True
Is 52639 composite?
False
Is 29901 a composite number?
True
Is 16097 composite?
False
Is 13907 composite?
False
Is 79133 composite?
False
Is 812831 prime?
False
Is 67477 prime?
True
Is 61871 a composite number?
False
Is 341151 composite?
True
Is 921 composite?
True
Is 47249 a composite number?
True
Is 45403 a prime number?
True
Is 2400833 a composite number?
False
Is 3967 a prime number?
True
Is 3709 a composite number?
False
Is 321887 a prime number?
False
Is 136027 prime?
True
Is 128157 composite?
True
Is 139267 composite?
False
Is 38543 a prime number?
True
Is 756869 composite?
False
Is 27502 composite?
True
Is 96893 a prime number?
True
Is 198013 a composite number?
False
Is 2819 a composite number?
False
Is 1193 composite?
False
Is 30631 composite?
False
Is 144679 prime?
False
Is 19529 prime?
False
Is 8314 a prime number?
False
Is 92969 a prime number?
False
Is 216967 prime?
True
Is 14221 composite?
False
Is 23789 a composite number?
False
Is 2221 composite?
False
Is 79031 prime?
True
Is 7993 a prime number?
True
Is 252533 prime?
True
Is 1076609 composite?
True
Is 28489 prime?
False
Is 74521 a composite number?
False
Is 63193 a composite number?
True
Is 28169 a composite number?
True
Is 23957 a composite number?
False
Is 1291163 composite?
False
Is 347663 a prime number?
False
Is 18559 a composite number?
True
Is 452843 prime?
False
Is 7121 composite?
False
Is 410309 prime?
False
Is 3359 a prime number?
True
Is 5129 a prime number?
False
Is 787039 composite?
True
Is 3845 composite?
True
Is 6341 prime?
False
Is 332711 prime?
True
Is 13093 a composite number?
False
Is 296909 a prime number?
True
Is 23117 composite?
False
Is 20581 composite?
True
Is 1024511 a composite number?
False
Is 64763 composite?
False
Is 431557 prime?
False
Is 10223 composite?
False
Is 3964183 prime?
True
Is 48381 composite?
True
Is 64393 a composite number?
True
Is 36629 composite?
False
Is 44003 composite?
True
Is 31621 a composite number?
True
Is 3308867 a prime number?
True
Is 2503 prime?
True
Is 82261 a composite number?
False
Is 5729 prime?
False
Is 3389 a composite number?
False
Is 12881 a composite number?
True
Is 2973461 a prime number?
True
Is 10183 prime?
False
Is 13667 prime?
False
Is 1897 composite?
True
Is 1657 a prime number?
True
Is 1405 a prime number?
False
Is 4547 composite?
False
Is 2811155 a prime number?
False
Is 23771 prime?
False
Is 6983 a prime number?
True
Is 319463 composite?
True
Is 112611 a prime number?
False
Is 200569 a composite number?
False
Is 10799 a composite number?
False
Is 473609 a prime number?
False
Is 228439 a prime number?
False
Is 10811 a prime number?
False
Is 746939 prime?
True
Is 338333 a composite number?
True
Is 322417 prime?
True
Is 2043907 composite?
False
Is 3443 a prime number?
False
Is 25591 composite?
True
Is 1847 a prime number?
True
Is 13367 prime?
True
Is 98453 a prime number?
True
Is 2297633 composite?
True
Is 1730413 composite?
True
Is 467587 prime?
True
Is 151423 composite?
False
Is 49847 prime?
False
Is 2000447 prime?
True
Is 11377 a composite number?
True
Is 2361 a composite number?
True
Is 11443 prime?
True
Is 415759 prime?
True
Is 281053 prime?
True
Is 4493 a composite number?
False
Is 8049 composite?
True
Is 852933 a composite number?
True
Is 1937 composite?
True
Is 5087 a composite number?
False
Is 9173 prime?
True
Is 4007 a prime number?
True
Is 29717 a composite number?
False
Is 41271 prime?
False
Is 1207141 a prime number?
False
Is 2343622 a composite number?
True
Is 1394171 a prime number?
False
Is 56383 composite?
False
Is 6805 a composite number?
True
Is 15299 a composite number?
False
Is 414011 composite?
True
Is 80963 a composite number?
False
Is 77929 a composite number?
False
Is 600601 prime?
True
Is 86983 a composite number?
True
Is 18191 a composite number?
False
Is 1161991 composite?
False
Is 6559 composite?
True
Is 71131 prime?
False
Is 133559 a composite number?
False
Is 18617 prime?
True
Is 38261 composite?
False
Is 1805387 prime?
False
Is 11359 a prime number?
False
Is 2471 prime?
False
Is 93731 composite?
True
Is 1177 prime?
False
Is 10357 prime?
True
Is 17657 a composite number?
False
Is 22787 a composite number?
False
Is 4330697 a prime number?
False
Is 86399 composite?
False